{"id":843,"date":"2016-03-08T21:36:22","date_gmt":"2016-03-08T20:36:22","guid":{"rendered":"https:\/\/eenvoudigfactureren.be\/info\/?page_id=843"},"modified":"2017-10-29T16:53:39","modified_gmt":"2017-10-29T15:53:39","slug":"kortingen","status":"publish","type":"page","link":"https:\/\/eenvoudigfactureren.be\/info\/help\/kortingen\/","title":{"rendered":"Korting toekennen"},"content":{"rendered":"<div class=\"wrap-container60\">\n<div class=\"container\">\n<div class=\"row\">\n<div class=\"col-sm-12 reading-text\">\n<p>U heeft de mogelijkheid om zowel commerci\u00eble korting als financi\u00eble korting toe te voegen aan uw facturen.<\/p>\n<h2>Commerci\u00eble korting<\/h2>\n<p>Bij een commerci\u00eble korting of handelskorting wordt het bedrag van de factuur verminderd als commercieel gebaar.<\/p>\n<p>Deze korting kan zowel als percentage op het totaalbedrag of per factuuritem worden toegekend.<\/p>\n<h4>Korting op totaalbedrag<\/h4>\n<p>Om commerci\u00eble korting in te geven kunt u tijdens het aanmaken of bewerken van een factuur het veld &#8216;Korting&#8217; gebruiken. Het ingegeven percentage wordt onmiddellijk toegepast op het totaalbedrag. Enkel een waarde tussen 0 en 100 (tot 2 cijfers na de komma) is toegelaten als korting.<\/p>\n<p>\t\t\t\t<img loading=\"lazy\" decoding=\"async\" src=\"\/info\/wp-content\/uploads\/2016\/03\/commerciele_korting.png\" alt=\"Ingave commerci\u00eble korting\" width=\"348\" height=\"237\" class=\"aligncenter size-full wp-image-847\" srcset=\"https:\/\/eenvoudigfactureren.be\/info\/wp-content\/uploads\/2016\/03\/commerciele_korting.png 348w, https:\/\/eenvoudigfactureren.be\/info\/wp-content\/uploads\/2016\/03\/commerciele_korting-300x204.png 300w\" sizes=\"auto, (max-width: 348px) 85vw, 348px\" \/><\/p>\n<h4>Korting op factuuritem<\/h4>\n<p>Om een korting per factuuritem in te stellen klikt u tijdens aanmaak\/bijwerken van een factuur op de ACTIES-knop van het factuuritem waarop u de korting wenst toe te kennen. Daarna klikt u op &#8216;Korting toevoegen&#8217;. Na opgave van het percentage (tussen 0 en 100) wordt er onder het factuuritem een nieuwe lijn toegevoegd met de berekende korting.<\/p>\n<p>\t\t\t\t<img loading=\"lazy\" decoding=\"async\" src=\"\/info\/wp-content\/uploads\/2016\/03\/commerciele_korting_item.png\" alt=\"Commerci\u00eble korting factuuritem\" width=\"599\" height=\"189\" class=\"aligncenter size-full wp-image-848\" \/><\/p>\n<p>Het is mogelijk om een korting op het totaalbedrag en een korting op een factuuritem te combineren. In dit geval wordt de korting op de factuuritem gewoon mee opgenomen tijdens de berekening van de korting op het totaalbedrag.<\/p>\n<h2>Financi\u00eble korting<\/h2>\n<p>Een financi\u00eble korting of korting contant wordt toegekend om uw klant aan te zetten om uw factuur sneller te laten betalen. Zo kan de klant van een meestal kleine korting genieten indien wordt betaald binnen een aantal dagen na opmaak van de factuur. De korting wordt steeds toegekend op het totaalbedrag van de factuur en kan optioneel in combinatie gebeuren met een commerci\u00eble korting.<\/p>\n<p>Een gebruikelijke financi\u00eble korting is 2% korting indien betaald wordt binnen 8 dagen.<\/p>\n<p>Om financi\u00eble korting toe te kennen op een factuur kunt u tijdens het aanmaken of bewerken van de factuur &#8216;Financi\u00eble korting&#8217; aanvinken en het gewenste kortingspercentage en betalingsperiode ingeven.<\/p>\n<p><img loading=\"lazy\" decoding=\"async\" src=\"\/info\/wp-content\/uploads\/2016\/03\/financiele_korting.png\" alt=\"Financi\u00eble korting\" width=\"624\" height=\"56\" class=\"aligncenter size-full wp-image-849\" srcset=\"https:\/\/eenvoudigfactureren.be\/info\/wp-content\/uploads\/2016\/03\/financiele_korting.png 624w, https:\/\/eenvoudigfactureren.be\/info\/wp-content\/uploads\/2016\/03\/financiele_korting-300x27.png 300w\" sizes=\"auto, (max-width: 624px) 85vw, 624px\" \/><\/p>\n<p>In tegenstelling tot commerci\u00eble korting wordt financi\u00eble korting dus enkel toegekend indien de klant binnen de vooropgestelde termijn betaald. Daarna moet de klant het volledige factuurbedrag betalen. Echter aangezien tijdens opmaak van de factuur nog niet geweten is of de korting zal worden opgenomen heeft de wetgever hieromtrent enkele specifieke regels opgesteld.<\/p>\n<p>Zo zal het totaalbedrag vermeld op de factuur het volledige bedrag zijn (dus zonder de financi\u00eble korting). Echter het bedrag van de BTW werd berekend op het totaalbedrag met korting. Het bedrag van de korting dat de klant kan genieten wordt afzonderlijk vermeld op de factuur.<\/p>\n<p>\t\t\t\t<img loading=\"lazy\" decoding=\"async\" src=\"\/info\/wp-content\/uploads\/2016\/03\/financiele_korting_toegekend.png\" alt=\"Financi\u00eble korting toegekend\" width=\"393\" height=\"223\" class=\"aligncenter size-full wp-image-853\" srcset=\"https:\/\/eenvoudigfactureren.be\/info\/wp-content\/uploads\/2016\/03\/financiele_korting_toegekend.png 393w, https:\/\/eenvoudigfactureren.be\/info\/wp-content\/uploads\/2016\/03\/financiele_korting_toegekend-300x170.png 300w\" sizes=\"auto, (max-width: 393px) 85vw, 393px\" \/><\/p>\n<p>Indien u een factuur met financi\u00eble korting opent kunt u als totaal 2 bedragen terugvinden. E\u00e9nmaal zonder en \u00e9\u00e9nmaal met financi\u00eble korting. Zo kunt u eenvoudig achterhalen welk bedrag uw klant uiteindelijk dient te betalen.<\/p>\n<p>Op de afgedrukte factuur wordt uiteindelijk de melding toegevoegd: <b>Bij betaling voor 14\/03\/2016 kan 2,00 \u20ac korting (2%) in mindering op het factuurbedrag worden gebracht.<\/b><\/p>\n<p>Indien uw klant de financi\u00eble korting opneemt zal er dus een verminderd bedrag betaald worden. Echter is het steeds nodig om het totaalbedrag zonder financi\u00eble korting in te boeken als ontvangen betaling om de factuur in status BETAALD te plaatsen. Bij voorkeur kunt u de betaling in 2 delen registeren: \u00e9\u00e9nmaal het werkelijk betaalde bedrag en daarna de toegekende korting met specifieke vermelding &#8216;Financi\u00eble korting&#8217;.<\/p>\n<p>Aangezien een opgenomen financi\u00eble korting boekhoudkundig wordt gezien als een financi\u00eble kost wordt het totaalbedrag zonder korting steeds opgenomen in de omzet. Dus ook indien de korting wel werd opgenomen.<\/p>\n<p>Onder Instellingen > Factuuropties kunt u het standaard kortingspercentage en aantal dagen betalingstermijn instellen. U krijgt er ook de mogelijkheid om standaard voor elke nieuwe factuur financi\u00eble korting toe te kennen.<\/p>\n<p>\t\t\t\t<img loading=\"lazy\" decoding=\"async\" src=\"\/info\/wp-content\/uploads\/2016\/03\/financiele_korting_instellingen.png\" alt=\"Financi\u00eble korting instellingen\" width=\"578\" height=\"181\" class=\"aligncenter size-full wp-image-857\" srcset=\"https:\/\/eenvoudigfactureren.be\/info\/wp-content\/uploads\/2016\/03\/financiele_korting_instellingen.png 578w, https:\/\/eenvoudigfactureren.be\/info\/wp-content\/uploads\/2016\/03\/financiele_korting_instellingen-300x94.png 300w\" sizes=\"auto, (max-width: 578px) 85vw, 578px\" \/><\/p><\/div>\n<\/p><\/div>\n<\/p><\/div>\n<\/div>\n","protected":false},"excerpt":{"rendered":"<p>U heeft de mogelijkheid om zowel commerci\u00eble korting als financi\u00eble korting toe te voegen aan uw facturen. Commerci\u00eble korting Bij een commerci\u00eble korting of handelskorting wordt het bedrag van de factuur verminderd als commercieel gebaar. Deze korting kan zowel als percentage op het totaalbedrag of per factuuritem worden toegekend. Korting op totaalbedrag Om commerci\u00eble korting &hellip; <a href=\"https:\/\/eenvoudigfactureren.be\/info\/help\/kortingen\/\" class=\"more-link\">Lees verder<span class=\"screen-reader-text\"> &#8220;Korting toekennen&#8221;<\/span><\/a><\/p>\n","protected":false},"author":1,"featured_media":0,"parent":404,"menu_order":0,"comment_status":"closed","ping_status":"closed","template":"","meta":{"inline_featured_image":false,"footnotes":""},"class_list":["post-843","page","type-page","status-publish","hentry","wpautop"],"yoast_head":"<!-- This site is optimized with the Yoast SEO plugin v27.1.1 - https:\/\/yoast.com\/product\/yoast-seo-wordpress\/ -->\n<title>Korting toekennen<\/title>\n<meta name=\"robots\" content=\"index, follow, max-snippet:-1, max-image-preview:large, max-video-preview:-1\" \/>\n<link rel=\"canonical\" href=\"https:\/\/eenvoudigfactureren.be\/info\/help\/kortingen\/\" \/>\n<meta property=\"og:locale\" content=\"nl_BE\" \/>\n<meta property=\"og:type\" content=\"article\" \/>\n<meta property=\"og:title\" content=\"Korting toekennen\" \/>\n<meta property=\"og:description\" content=\"U heeft de mogelijkheid om zowel commerci\u00eble korting als financi\u00eble korting toe te voegen aan uw facturen. Commerci\u00eble korting Bij een commerci\u00eble korting of handelskorting wordt het bedrag van de factuur verminderd als commercieel gebaar. Deze korting kan zowel als percentage op het totaalbedrag of per factuuritem worden toegekend. Korting op totaalbedrag Om commerci\u00eble korting &hellip; Lees verder &quot;Korting toekennen&quot;\" \/>\n<meta property=\"og:url\" content=\"https:\/\/eenvoudigfactureren.be\/info\/help\/kortingen\/\" \/>\n<meta property=\"og:site_name\" content=\"EenvoudigFactureren\" \/>\n<meta property=\"article:modified_time\" content=\"2017-10-29T15:53:39+00:00\" \/>\n<meta property=\"og:image\" content=\"https:\/\/eenvoudigfactureren.be\/info\/wp-content\/uploads\/2021\/09\/Logo-EenvoudigFactureren.png\" \/>\n\t<meta property=\"og:image:width\" content=\"500\" \/>\n\t<meta property=\"og:image:height\" content=\"222\" \/>\n\t<meta property=\"og:image:type\" content=\"image\/png\" \/>\n<meta name=\"twitter:card\" content=\"summary_large_image\" \/>\n<meta name=\"twitter:label1\" content=\"Geschatte leestijd\" \/>\n\t<meta name=\"twitter:data1\" content=\"3 minuten\" \/>\n<script type=\"application\/ld+json\" class=\"yoast-schema-graph\">{\"@context\":\"https:\/\/schema.org\",\"@graph\":[{\"@type\":\"WebPage\",\"@id\":\"https:\/\/eenvoudigfactureren.be\/info\/help\/kortingen\/\",\"url\":\"https:\/\/eenvoudigfactureren.be\/info\/help\/kortingen\/\",\"name\":\"Korting toekennen\",\"isPartOf\":{\"@id\":\"https:\/\/eenvoudigfactureren.be\/info\/#website\"},\"datePublished\":\"2016-03-08T20:36:22+00:00\",\"dateModified\":\"2017-10-29T15:53:39+00:00\",\"breadcrumb\":{\"@id\":\"https:\/\/eenvoudigfactureren.be\/info\/help\/kortingen\/#breadcrumb\"},\"inLanguage\":\"nl-BE\",\"potentialAction\":[{\"@type\":\"ReadAction\",\"target\":[\"https:\/\/eenvoudigfactureren.be\/info\/help\/kortingen\/\"]}]},{\"@type\":\"BreadcrumbList\",\"@id\":\"https:\/\/eenvoudigfactureren.be\/info\/help\/kortingen\/#breadcrumb\",\"itemListElement\":[{\"@type\":\"ListItem\",\"position\":1,\"name\":\"Home\",\"item\":\"https:\/\/eenvoudigfactureren.be\/info\/\"},{\"@type\":\"ListItem\",\"position\":2,\"name\":\"Help\",\"item\":\"https:\/\/eenvoudigfactureren.be\/info\/help\/\"},{\"@type\":\"ListItem\",\"position\":3,\"name\":\"Korting toekennen\"}]},{\"@type\":\"WebSite\",\"@id\":\"https:\/\/eenvoudigfactureren.be\/info\/#website\",\"url\":\"https:\/\/eenvoudigfactureren.be\/info\/\",\"name\":\"EenvoudigFactureren\",\"description\":\"Online facturatie\",\"potentialAction\":[{\"@type\":\"SearchAction\",\"target\":{\"@type\":\"EntryPoint\",\"urlTemplate\":\"https:\/\/eenvoudigfactureren.be\/info\/?s={search_term_string}\"},\"query-input\":{\"@type\":\"PropertyValueSpecification\",\"valueRequired\":true,\"valueName\":\"search_term_string\"}}],\"inLanguage\":\"nl-BE\"}]}<\/script>\n<!-- \/ Yoast SEO plugin. -->","yoast_head_json":{"title":"Korting toekennen","robots":{"index":"index","follow":"follow","max-snippet":"max-snippet:-1","max-image-preview":"max-image-preview:large","max-video-preview":"max-video-preview:-1"},"canonical":"https:\/\/eenvoudigfactureren.be\/info\/help\/kortingen\/","og_locale":"nl_BE","og_type":"article","og_title":"Korting toekennen","og_description":"U heeft de mogelijkheid om zowel commerci\u00eble korting als financi\u00eble korting toe te voegen aan uw facturen. Commerci\u00eble korting Bij een commerci\u00eble korting of handelskorting wordt het bedrag van de factuur verminderd als commercieel gebaar. Deze korting kan zowel als percentage op het totaalbedrag of per factuuritem worden toegekend. Korting op totaalbedrag Om commerci\u00eble korting &hellip; Lees verder \"Korting toekennen\"","og_url":"https:\/\/eenvoudigfactureren.be\/info\/help\/kortingen\/","og_site_name":"EenvoudigFactureren","article_modified_time":"2017-10-29T15:53:39+00:00","og_image":[{"width":500,"height":222,"url":"https:\/\/eenvoudigfactureren.be\/info\/wp-content\/uploads\/2021\/09\/Logo-EenvoudigFactureren.png","type":"image\/png"}],"twitter_card":"summary_large_image","twitter_misc":{"Geschatte leestijd":"3 minuten"},"schema":{"@context":"https:\/\/schema.org","@graph":[{"@type":"WebPage","@id":"https:\/\/eenvoudigfactureren.be\/info\/help\/kortingen\/","url":"https:\/\/eenvoudigfactureren.be\/info\/help\/kortingen\/","name":"Korting toekennen","isPartOf":{"@id":"https:\/\/eenvoudigfactureren.be\/info\/#website"},"datePublished":"2016-03-08T20:36:22+00:00","dateModified":"2017-10-29T15:53:39+00:00","breadcrumb":{"@id":"https:\/\/eenvoudigfactureren.be\/info\/help\/kortingen\/#breadcrumb"},"inLanguage":"nl-BE","potentialAction":[{"@type":"ReadAction","target":["https:\/\/eenvoudigfactureren.be\/info\/help\/kortingen\/"]}]},{"@type":"BreadcrumbList","@id":"https:\/\/eenvoudigfactureren.be\/info\/help\/kortingen\/#breadcrumb","itemListElement":[{"@type":"ListItem","position":1,"name":"Home","item":"https:\/\/eenvoudigfactureren.be\/info\/"},{"@type":"ListItem","position":2,"name":"Help","item":"https:\/\/eenvoudigfactureren.be\/info\/help\/"},{"@type":"ListItem","position":3,"name":"Korting toekennen"}]},{"@type":"WebSite","@id":"https:\/\/eenvoudigfactureren.be\/info\/#website","url":"https:\/\/eenvoudigfactureren.be\/info\/","name":"EenvoudigFactureren","description":"Online facturatie","potentialAction":[{"@type":"SearchAction","target":{"@type":"EntryPoint","urlTemplate":"https:\/\/eenvoudigfactureren.be\/info\/?s={search_term_string}"},"query-input":{"@type":"PropertyValueSpecification","valueRequired":true,"valueName":"search_term_string"}}],"inLanguage":"nl-BE"}]}},"_links":{"self":[{"href":"https:\/\/eenvoudigfactureren.be\/info\/wp-json\/wp\/v2\/pages\/843","targetHints":{"allow":["GET"]}}],"collection":[{"href":"https:\/\/eenvoudigfactureren.be\/info\/wp-json\/wp\/v2\/pages"}],"about":[{"href":"https:\/\/eenvoudigfactureren.be\/info\/wp-json\/wp\/v2\/types\/page"}],"author":[{"embeddable":true,"href":"https:\/\/eenvoudigfactureren.be\/info\/wp-json\/wp\/v2\/users\/1"}],"replies":[{"embeddable":true,"href":"https:\/\/eenvoudigfactureren.be\/info\/wp-json\/wp\/v2\/comments?post=843"}],"version-history":[{"count":13,"href":"https:\/\/eenvoudigfactureren.be\/info\/wp-json\/wp\/v2\/pages\/843\/revisions"}],"predecessor-version":[{"id":846,"href":"https:\/\/eenvoudigfactureren.be\/info\/wp-json\/wp\/v2\/pages\/843\/revisions\/846"}],"up":[{"embeddable":true,"href":"https:\/\/eenvoudigfactureren.be\/info\/wp-json\/wp\/v2\/pages\/404"}],"wp:attachment":[{"href":"https:\/\/eenvoudigfactureren.be\/info\/wp-json\/wp\/v2\/media?parent=843"}],"curies":[{"name":"wp","href":"https:\/\/api.w.org\/{rel}","templated":true}]}}