{"id":5937,"date":"2023-10-18T09:20:30","date_gmt":"2023-10-18T08:20:30","guid":{"rendered":"https:\/\/eenvoudigfactureren.be\/info\/?page_id=5937"},"modified":"2025-10-27T15:48:51","modified_gmt":"2025-10-27T14:48:51","slug":"projectbeheer","status":"publish","type":"page","link":"https:\/\/eenvoudigfactureren.be\/info\/projectbeheer\/","title":{"rendered":"Projectbeheer"},"content":{"rendered":"<style>\n.grizzly-cta {\nmargin-top: 1rem; \nmargin-bottom: 1rem; \n}\na {\nfont-weight: 700 !important; \ntransition: all 0.2s ease-in-out;\n}\na:hover {\ntext-decoration: underline; \n}\n@media only screen and (max-width: 980px) {\n  .affa_feature_img {\n    margin-bottom: 10px;\n    padding: 0;\n    display: flex;\n    align-items: center;\n  }\n  .affa_feature_img p {\n    margin: 0;\n  }\n  .affa_feature_img img {\n    margin-top: 0;\n  }\n  .affa_feature_img h4 {\n    display: flex;\n    align-items: center;\n    padding-left: 8px;\n  }\n  .affa_feature_img img {\n    height: 30px;\n    width: 30px;\n  }\n  .column-reverse {\n    display: flex;\n    flex-direction: column-reverse;\n  }\n}\n<\/style>\n<div id=\"features\" class=\"padding-bottom40\">\n<div class=\"container\">\n<div class=\"row\">\n<div class=\"col-sm-4\">\n<p><!-- 1 --><\/p>\n<div class=\"affa_feature_img\">\n<p><img loading=\"lazy\" decoding=\"async\" src=\"info\/wp-content\/uploads\/2016\/01\/doc-icon.png\" alt=\"doc-icon\" width=\"60\" height=\"60\" \/><\/p>\n<h4>E-facturatie via Peppol<\/h4>\n<\/div>\n<\/div>\n<div class=\"col-sm-4\">\n<p><!-- 2 --><\/p>\n<div class=\"affa_feature_img\">\n<p><img loading=\"lazy\" decoding=\"async\" src=\"info\/wp-content\/uploads\/2016\/01\/mobile-statistics-icon.png\" alt=\"money-bag-icon\" width=\"60\" height=\"60\" \/><\/p>\n<h4>30 dagen gratis uitproberen<\/h4>\n<\/div>\n<\/div>\n<div class=\"col-sm-4\">\n<p><!-- 3 --><\/p>\n<div class=\"affa_feature_img\">\n<p><img loading=\"lazy\" decoding=\"async\" src=\"info\/wp-content\/uploads\/2016\/01\/shield-icon.png\" alt=\"shield-icon\" width=\"60\" height=\"60\" \/><\/p>\n<h4>Volledig in lijn met Belgische wetgeving<\/h4>\n<\/div>\n<\/div>\n<\/div>\n<div class=\"post-heading-center\">\n<p>&nbsp;<\/p>\n<p>In de hedendaagse zakenwereld kan projectbeheer een ware uitdaging vormen. Een uitdaging die echter moeiteloos wordt overwonnen wanneer u kiest voor de gestroomlijnde oplossingen van EenvoudigFactureren. Bij ons wordt alles voor uw projectbeheer naadloos bijgehouden op \u00e9\u00e9n overzichtelijke plek. Dankzij de intu\u00eftieve interface behoudt u continu inzicht in deadlines, budgetten en prestaties van uw projecten, zonder dat u tijd verliest aan onnodige administratie.<\/p>\n<h3 class=\"grizzly-cta\">Optimaliseer uw projectbeheer<\/h3>\n<p><a class=\"btn-custom btn-large\" href=\"https:\/\/eenvoudigfactureren.be\/info\/help\/pakketten\/\">Bekijk hier onze pakketten<\/a><\/p>\n<\/div>\n<\/div>\n<\/div>\n<div id=\"features2\" class=\"wrap-container20 bg-grey\">\n<div class=\"container\">\n<div class=\"row wrap-container6020\">\n<div class=\"col-sm-7 margin-bottom40\">\n<figure><img decoding=\"async\" src=\"info\/wp-content\/uploads\/2016\/01\/devices.png\" alt=\"devices\" \/><\/figure>\n<\/div>\n<div class=\"col-sm-5 col-md-5 col-lg-4 col-lg-offset-1 margin-bottom40 no-margin-bottom-sm\">\n<div class=\"col-text80\">\n<div class=\"post-heading-left\">\n<h2>De meerwaarde van online facturatie voor projectbeheer<\/h2>\n<\/div>\n<p>Projectbeheer gaat hand in hand met een effici&euml;nte administratie. Het online opstellen en beheren van <a href=\"https:\/\/eenvoudigfactureren.be\/info\/facturen\/\">facturen<\/a> centraliseert al uw belangrijke documenten, waardoor u moeiteloos de voortgang van uw projecten monitort. Ons platform faciliteert daarnaast ook <a href=\"https:\/\/eenvoudigfactureren.be\/info\/help\/peppol\/\">Peppol<\/a>, wat de uitwisseling van facturen met uw partners vergemakkelijkt. Daarbij is, gezien de groeiende trend van <a href=\"https:\/\/eenvoudigfactureren.be\/info\/verplichte-elektronische-facturatie\/\">verplichte elektronische facturatie<\/a>, een systeem dat deze methode ondersteunt geen overbodige luxe meer. Met toegevoegde functionaliteiten, zoals <a href=\"https:\/\/eenvoudigfactureren.be\/info\/tijdsregistratie\/\">tijdsregistratie<\/a>, behoudt u ook een kristalhelder inzicht in de gewerkte uren van uw team. Door deze uitgebreide mogelijkheden cre&euml;ert u niet alleen overzicht, maar waarborgt u ook de kwaliteit en tijdigheid van elk projectonderdeel.<\/p>\n<\/div>\n<\/div>\n<\/div>\n<\/div>\n<div id=\"buynow\" data-parallax=\"scroll\" data-speed=\"0.2\" data-natural-width=\"1920\" data-natural-height=\"1080\" data-image-src=\"info\/wp-content\/themes\/soonsite\/images\/content\/bg\/13.jpg\" data-z-index=\"-2\">\n<div class=\"bg-image-overlay text-center\">\n<div class=\"container wrap-container20\">\n<div class=\"post-heading-center\">\n<h2>Wacht niet langer en maak een gebruiker aan<\/h2>\n<p>Probeer 30 dagen gratis het <a class=\"smooth-scroll\" href=\"#pricing\">Professional-pakket<\/a>. Volledig vrijblijvend !<\/p>\n<\/div>\n<p><a class=\"btn-custom btn-large\" href=\"login\/register\">Maak gebruiker<\/a><\/p>\n<\/div>\n<\/div>\n<\/div>\n<div id=\"features2\" class=\"wrap-container20 bg-grey\">\n<div class=\"container\">\n<div class=\"row wrap-container6020\">\n<div class=\"col-sm-5 col-md-5 col-lg-4 col-lg-offset-1 margin-bottom40 no-margin-bottom-sm\">\n<div class=\"col-text80\">\n<div class=\"post-heading-left\">\n<h2>Transparantie en samenwerking binnen elk project<\/h2>\n<\/div>\n<p>Effectief projectbeheer draait niet alleen om cijfers en deadlines, maar ook om heldere communicatie. Met onze hulp werkt uw hele team binnen \u00e9\u00e9n gedeelde omgeving, waarin elke wijziging direct zichtbaar is. Offertes, rapporten en statusupdates worden automatisch gesynchroniseerd, zodat iedereen altijd over dezelfde informatie beschikt. Dit zorgt ervoor dat uw klanten op elk moment inzicht hebben in de voortgang van hun projecten. Zo bevordert u vertrouwen, versnelt u besluitvorming en cre\u00ebert u een professionele samenwerking.<\/p>\n<\/div>\n<\/div>\n<div class=\"col-sm-7 margin-bottom40\">\n<figure><img decoding=\"async\" src=\"\/info\/wp-content\/uploads\/2016\/01\/Isometric-Perspective-Mock-Up.png\" alt=\"devices\" \/><\/figure>\n<\/div>\n<\/div>\n<\/div>\n<div class=\"container\">\n<div class=\"row column-reverse wrap-container6020\">\n<div class=\"col-sm-7 col-lg-offset-1 margin-bottom40\">\n<figure><img decoding=\"async\" src=\"info\/wp-content\/uploads\/2016\/01\/devices.png\" alt=\"Huidige situatie\" \/><\/figure>\n<\/div>\n<div class=\"col-sm-5 col-md-5 col-lg-4 margin-bottom40\">\n<div class=\"col-text120\">\n<div class=\"post-heading-left\">\n<h3>Neem contact met ons op voor beter projectbeheer<\/h3>\n<\/div>\n<p>Klaar om de effici&euml;ntie van uw projectbeheer te verbeteren? Ervaar de voordelen en innovaties van een gecentraliseerde administratie met onze <a href=\"https:\/\/eenvoudigfactureren.be\/info\/demo\/\">handige demo<\/a>. Elke functionaliteit is ontworpen om uw werk te vergemakkelijken. Neem <a href=\"https:\/\/eenvoudigfactureren.be\/info\/help\/contact\/\">contact met ons<\/a> op, duik in de wereld van gestroomlijnd beheer en zet een cruciale stap richting een gestroomlijnde bedrijfsvoering.<\/p>\n<\/div>\n<\/div>\n<\/div>\n<\/div>\n<\/div>\n<\/div>\n","protected":false},"excerpt":{"rendered":"<p>E-facturatie via Peppol 30 dagen gratis uitproberen Volledig in lijn met Belgische wetgeving &nbsp; In de hedendaagse zakenwereld kan projectbeheer een ware uitdaging vormen. Een uitdaging die echter moeiteloos wordt overwonnen wanneer u kiest voor de gestroomlijnde oplossingen van EenvoudigFactureren. Bij ons wordt alles voor uw projectbeheer naadloos bijgehouden op \u00e9\u00e9n overzichtelijke plek. Dankzij de &hellip; <a href=\"https:\/\/eenvoudigfactureren.be\/info\/projectbeheer\/\" class=\"more-link\">Lees verder<span class=\"screen-reader-text\"> &#8220;Projectbeheer&#8221;<\/span><\/a><\/p>\n","protected":false},"author":2,"featured_media":0,"parent":0,"menu_order":0,"comment_status":"closed","ping_status":"closed","template":"","meta":{"inline_featured_image":false,"footnotes":""},"class_list":["post-5937","page","type-page","status-publish","hentry","wpautop"],"yoast_head":"<!-- This site is optimized with the Yoast SEO plugin v27.1.1 - https:\/\/yoast.com\/product\/yoast-seo-wordpress\/ -->\n<title>Projectbeheer<\/title>\n<meta name=\"description\" content=\"Ontdek naadloos projectbeheer en optimaliseer uw administratie. Ervaar de toekomst van zakendoen vandaag nog. Maak nu een gratis account aan.\" \/>\n<meta name=\"robots\" content=\"index, follow, max-snippet:-1, max-image-preview:large, max-video-preview:-1\" \/>\n<link rel=\"canonical\" href=\"https:\/\/eenvoudigfactureren.be\/info\/projectbeheer\/\" \/>\n<meta property=\"og:locale\" content=\"nl_BE\" \/>\n<meta property=\"og:type\" content=\"article\" \/>\n<meta property=\"og:title\" content=\"Projectbeheer\" \/>\n<meta property=\"og:description\" content=\"Ontdek naadloos projectbeheer en optimaliseer uw administratie. Ervaar de toekomst van zakendoen vandaag nog. Maak nu een gratis account aan.\" \/>\n<meta property=\"og:url\" content=\"https:\/\/eenvoudigfactureren.be\/info\/projectbeheer\/\" \/>\n<meta property=\"og:site_name\" content=\"EenvoudigFactureren\" \/>\n<meta property=\"article:modified_time\" content=\"2025-10-27T14:48:51+00:00\" \/>\n<meta property=\"og:image\" content=\"https:\/\/eenvoudigfactureren.be\/info\/wp-content\/uploads\/2021\/09\/Logo-EenvoudigFactureren.png\" \/>\n\t<meta property=\"og:image:width\" content=\"500\" \/>\n\t<meta property=\"og:image:height\" content=\"222\" \/>\n\t<meta property=\"og:image:type\" content=\"image\/png\" \/>\n<meta name=\"twitter:card\" content=\"summary_large_image\" \/>\n<meta name=\"twitter:label1\" content=\"Geschatte leestijd\" \/>\n\t<meta name=\"twitter:data1\" content=\"3 minuten\" \/>\n<script type=\"application\/ld+json\" class=\"yoast-schema-graph\">{\"@context\":\"https:\/\/schema.org\",\"@graph\":[{\"@type\":\"WebPage\",\"@id\":\"https:\/\/eenvoudigfactureren.be\/info\/projectbeheer\/\",\"url\":\"https:\/\/eenvoudigfactureren.be\/info\/projectbeheer\/\",\"name\":\"Projectbeheer\",\"isPartOf\":{\"@id\":\"https:\/\/eenvoudigfactureren.be\/info\/#website\"},\"datePublished\":\"2023-10-18T08:20:30+00:00\",\"dateModified\":\"2025-10-27T14:48:51+00:00\",\"description\":\"Ontdek naadloos projectbeheer en optimaliseer uw administratie. Ervaar de toekomst van zakendoen vandaag nog. Maak nu een gratis account aan.\",\"breadcrumb\":{\"@id\":\"https:\/\/eenvoudigfactureren.be\/info\/projectbeheer\/#breadcrumb\"},\"inLanguage\":\"nl-BE\",\"potentialAction\":[{\"@type\":\"ReadAction\",\"target\":[\"https:\/\/eenvoudigfactureren.be\/info\/projectbeheer\/\"]}]},{\"@type\":\"BreadcrumbList\",\"@id\":\"https:\/\/eenvoudigfactureren.be\/info\/projectbeheer\/#breadcrumb\",\"itemListElement\":[{\"@type\":\"ListItem\",\"position\":1,\"name\":\"Home\",\"item\":\"https:\/\/eenvoudigfactureren.be\/info\/\"},{\"@type\":\"ListItem\",\"position\":2,\"name\":\"Projectbeheer\"}]},{\"@type\":\"WebSite\",\"@id\":\"https:\/\/eenvoudigfactureren.be\/info\/#website\",\"url\":\"https:\/\/eenvoudigfactureren.be\/info\/\",\"name\":\"EenvoudigFactureren\",\"description\":\"Online facturatie\",\"potentialAction\":[{\"@type\":\"SearchAction\",\"target\":{\"@type\":\"EntryPoint\",\"urlTemplate\":\"https:\/\/eenvoudigfactureren.be\/info\/?s={search_term_string}\"},\"query-input\":{\"@type\":\"PropertyValueSpecification\",\"valueRequired\":true,\"valueName\":\"search_term_string\"}}],\"inLanguage\":\"nl-BE\"}]}<\/script>\n<!-- \/ Yoast SEO plugin. -->","yoast_head_json":{"title":"Projectbeheer","description":"Ontdek naadloos projectbeheer en optimaliseer uw administratie. Ervaar de toekomst van zakendoen vandaag nog. Maak nu een gratis account aan.","robots":{"index":"index","follow":"follow","max-snippet":"max-snippet:-1","max-image-preview":"max-image-preview:large","max-video-preview":"max-video-preview:-1"},"canonical":"https:\/\/eenvoudigfactureren.be\/info\/projectbeheer\/","og_locale":"nl_BE","og_type":"article","og_title":"Projectbeheer","og_description":"Ontdek naadloos projectbeheer en optimaliseer uw administratie. Ervaar de toekomst van zakendoen vandaag nog. Maak nu een gratis account aan.","og_url":"https:\/\/eenvoudigfactureren.be\/info\/projectbeheer\/","og_site_name":"EenvoudigFactureren","article_modified_time":"2025-10-27T14:48:51+00:00","og_image":[{"width":500,"height":222,"url":"https:\/\/eenvoudigfactureren.be\/info\/wp-content\/uploads\/2021\/09\/Logo-EenvoudigFactureren.png","type":"image\/png"}],"twitter_card":"summary_large_image","twitter_misc":{"Geschatte leestijd":"3 minuten"},"schema":{"@context":"https:\/\/schema.org","@graph":[{"@type":"WebPage","@id":"https:\/\/eenvoudigfactureren.be\/info\/projectbeheer\/","url":"https:\/\/eenvoudigfactureren.be\/info\/projectbeheer\/","name":"Projectbeheer","isPartOf":{"@id":"https:\/\/eenvoudigfactureren.be\/info\/#website"},"datePublished":"2023-10-18T08:20:30+00:00","dateModified":"2025-10-27T14:48:51+00:00","description":"Ontdek naadloos projectbeheer en optimaliseer uw administratie. Ervaar de toekomst van zakendoen vandaag nog. Maak nu een gratis account aan.","breadcrumb":{"@id":"https:\/\/eenvoudigfactureren.be\/info\/projectbeheer\/#breadcrumb"},"inLanguage":"nl-BE","potentialAction":[{"@type":"ReadAction","target":["https:\/\/eenvoudigfactureren.be\/info\/projectbeheer\/"]}]},{"@type":"BreadcrumbList","@id":"https:\/\/eenvoudigfactureren.be\/info\/projectbeheer\/#breadcrumb","itemListElement":[{"@type":"ListItem","position":1,"name":"Home","item":"https:\/\/eenvoudigfactureren.be\/info\/"},{"@type":"ListItem","position":2,"name":"Projectbeheer"}]},{"@type":"WebSite","@id":"https:\/\/eenvoudigfactureren.be\/info\/#website","url":"https:\/\/eenvoudigfactureren.be\/info\/","name":"EenvoudigFactureren","description":"Online facturatie","potentialAction":[{"@type":"SearchAction","target":{"@type":"EntryPoint","urlTemplate":"https:\/\/eenvoudigfactureren.be\/info\/?s={search_term_string}"},"query-input":{"@type":"PropertyValueSpecification","valueRequired":true,"valueName":"search_term_string"}}],"inLanguage":"nl-BE"}]}},"_links":{"self":[{"href":"https:\/\/eenvoudigfactureren.be\/info\/wp-json\/wp\/v2\/pages\/5937","targetHints":{"allow":["GET"]}}],"collection":[{"href":"https:\/\/eenvoudigfactureren.be\/info\/wp-json\/wp\/v2\/pages"}],"about":[{"href":"https:\/\/eenvoudigfactureren.be\/info\/wp-json\/wp\/v2\/types\/page"}],"author":[{"embeddable":true,"href":"https:\/\/eenvoudigfactureren.be\/info\/wp-json\/wp\/v2\/users\/2"}],"replies":[{"embeddable":true,"href":"https:\/\/eenvoudigfactureren.be\/info\/wp-json\/wp\/v2\/comments?post=5937"}],"version-history":[{"count":5,"href":"https:\/\/eenvoudigfactureren.be\/info\/wp-json\/wp\/v2\/pages\/5937\/revisions"}],"predecessor-version":[{"id":8249,"href":"https:\/\/eenvoudigfactureren.be\/info\/wp-json\/wp\/v2\/pages\/5937\/revisions\/8249"}],"wp:attachment":[{"href":"https:\/\/eenvoudigfactureren.be\/info\/wp-json\/wp\/v2\/media?parent=5937"}],"curies":[{"name":"wp","href":"https:\/\/api.w.org\/{rel}","templated":true}]}}